Let q(i) = 2*i**3. Let h(o) = j(o) - 6*q(o). Determine h(u).
-11
Let y(d) = 2*d - 20. Let m be (1/(-2))/(17/(-374)). Let t be y(m). Suppose t*c - 35 = -3*c. Let o(l) = 2*l - 1. Give o(c).
13
Suppose 3*a - 40 = -2*a. Let p = -21 + a. Let s(l) = 2*l**2 + 3*l + 12. Let q(b) = -b**2 - b - 6. Let c(g) = p*q(g) - 6*s(g). Give c(4).
2
Let m(t) = 1 - t**2 + 0*t**3 + 6*t - t**3 - 4*t**2. Let o(d) = -d**3 + 6*d**2 - d + 10. Let f be o(6). Suppose f*p = -2*w, 2*w - 2*p + 4*p = -6. Calculate m(w).
1
Let j(n) = -n - 3. Suppose -5 - 5 = -2*x. Suppose -5*o + 7 = -t - 8, -5*t + 5*o + x = 0. What is j(t)?
-8
Suppose -2*o + 4 = -4*z, 3*o + 0*o = 3*z + 6. Let k(q) = q**3 + q**2 + 26. Determine k(z).
26
Let i(z) be the third derivative of z**5/60 - z**4/3 + 5*z**3/3 - 2*z**2 - 29. Determine i(3).
-5
Let y(m) be the third derivative of -2*m**2 + 5/24*m**4 + 0 + 0*m - 1/3*m**3. Let q = 3 - 1. Determine y(q).
8
Let d(p) = p - 42. Let m(a) = -a**3 - 26*a**2 + 31*a + 108. Let z be m(-27). Calculate d(z).
-42
Let c(w) be the second derivative of w**6/120 + w**5/20 - w**4/6 - 4*w**2 - 3*w. Let x(s) be the first derivative of c(s). Calculate x(-3).
12
Let z(w) = 41 + 4 - 23 - 2*w. Give z(10).
2
Suppose -5*h + 20 = 0, -2*r = -5*h - 210 + 238. Let w(n) = 2*n**3 + 5*n**2 + n + 3. What is w(r)?
-49
Let o(u) = -u**3 + 5*u**2 - 2*u + 3. Let q = -246 + 251. Calculate o(q).
-7
Let g = 4 - 1. Let y = -8 + 10. Let t(f) = f**g + 9 - 2*f**3 - 3*f**2 - f**2 + 2*f - y*f**2. Give t(-6).
-3
Let q(k) = 266*k + k**3 + 1 - 264*k + 0*k**3 + 6*k**2. Determine q(-6).
-11
Suppose 33 + 37 = 14*w. Let b(p) = -p + w + 4 - 16 + 6. Let m(l) = 6*l**3 + 1. Let z be m(-1). What is b(z)?
4
Let i = 328 + -325. Let n(z) be the first derivative of -7 - z**4 - z - 1/3*z**i + 1/2*z**2. Give n(1).
-5
Let d be 28/(-21)*3/(-2). Suppose -6 = -d*z + 6. Let r(w) = -3 + 6*w - 11*w + z*w. Calculate r(5).
2
Let z(c) = 3*c**2 - 2*c - 10. Let k(w) = -w**3 + w**2 - 3*w + 1. Let y be k(1). Let t be z(y). Let r(v) = 1 + v - 5 + 0*v. Give r(t).
2
Let n be (-1)/(1 - (-72)/(-84)). Let p(g) = -g - 5*g + 5*g - 9. Determine p(n).
-2
Let t(z) = -2*z + 11. Let n be (-42)/(-16) + 6/16. Determine t(n).
5
Suppose 2*w = 4*w - 4. Let l(m) = -163*m - 7 + w + 161*m - 4. Calculate l(-7).
5
Let c(h) be the third derivative of -h**4/24 - h**3/3 + 137*h**2. Determine c(3).
-5
Let b = -190 + 187. Let m(j) = -j**2 + j. Let w(u) = -2*u**2 + 7*u + 1. Let n(q) = 3*m(q) - w(q). Let i(r) be the first derivative of n(r). What is i(b)?
2
Let p(m) = -7*m + 1. Let j(y) = -y. Let b be (-8)/(-2)*(0 + 1). Let r(i) = b*j(i) - p(i). Let q be r(0). Let s(d) = -3*d**2 + 1. Give s(q).
-2
Let v(u) = -u**2 + 2*u + 2. Let s(b) = -b**3 - b**2 + b. Let z be s(1). Let d be -2 + 11 + 1 + z. Let j = -6 + d. What is v(j)?
-1
Let k = -2375 + 2368. Let m(a) be the second derivative of a**5/20 + 2*a**4/3 + 3*a**3/2 - 5*a**2/2 + a. Calculate m(k).
-19
Let w = -15 + 34. Suppose -5*q = -3*x + 21, -5*q = -5*x + 6 + w. Let r(f) be the first derivative of -f**3/3 + f**2 - f + 2. What is r(x)?
-1
Let z(m) = -8*m**3 - 2*m**2 - 5*m - 7. Let f(g) = 7*g**3 + 2*g**2 + 4*g + 6. Let v(l) = -7*f(l) - 6*z(l). Suppose 5*n - 9*n = 12. Determine v(n).
3
Let x(s) = -3*s - 1. Suppose 0 = 10*g - 0*g - 1110. Let a = 113 - g. Calculate x(a).
-7
Let b(c) = -2 - c**2 + c + 7 - 1 + 0*c**2 - 5*c. Calculate b(-8).
-28
Let q be (-4)/6*-3 - 0. Let z(n) = 3*n**2 - 7*n - 6*n**2 + q*n**2 - 2. Calculate z(-7).
-2
Let c be 2/(-5) + (-1001)/385. Let o(z) = 5*z + 3. Give o(c).
-12
Let m(l) = -l + 1. Let k be 0 + -1 - (-11)/(66/24). What is m(k)?
-2
Let a = 3 + 9. Let g be a - (-3 + 7 + -2). Let v be (12/20)/(2/g). Let d(b) = b - 4. What is d(v)?
-1
Let y(n) = -1. Let i(o) = -o - 8. Let l(h) = -i(h) + 3*y(h). Suppose -m = -4*m - 21. Determine l(m).
-2
Let z be ((-450)/69)/6 + 12/138. Let x(y) = 6*y**3 - 1. Calculate x(z).
-7
Suppose -4*h + 5*w = -47, 16*h - 3*w + 31 = 21*h. Let t(b) be the second derivative of b**3/6 + 5*b**2/2 - 16*b. Give t(h).
13
Let j(r) = -2*r - 13. Let m(k) = 1. Let i(d) = j(d) + 4*m(d). Let q be i(-6). Suppose -2*y = 4*o + 4, q = o - 2*y + 9. Let f(z) = 2*z + 2. Calculate f(o).
-2
Let q(j) be the second derivative of -j**5/20 + 5*j**4/12 - j**3/2 - j**2 - 4*j + 34. Determine q(4).
2
Let t(a) = a**2 + 8*a - 39. Let z be t(18). Let n(v) = -v**3 - z - v + 3*v**2 + 428 + 0*v. Let k be (1 + -5)*(-2)/4. Determine n(k).
1
Let g(d) be the third derivative of 0 + 1/60*d**5 + 0*d - 28*d**2 + d**3 + 3/8*d**4. Calculate g(-9).
6
Suppose 608 = 40*k - 352. Let r(b) = -b**3 + 25*b**2 - 24*b - 3. What is r(k)?
-3
Let y = -71 + 69. Let k be 0/(1*(-2)/(-4)*y). Let c(d) = -d + 7. What is c(k)?
7
Let w(u) be the first derivative of -13*u**6/120 + u**5/60 - 9*u**2/2 + 5. Let f(t) be the second derivative of w(t). Determine f(1).
-12
Suppose -i - 5 = -0*i. Let f(b) = -b - 5. Let q(z) = -2*z - 10. Suppose 0 = -4*d - 1 + 9. Let p(g) = d*q(g) + i*f(g). Give p(-7).
-2
Suppose 8*y = y + 14. Let w(h) = 75*h - 3*h**2 - 4 + 5*h**y - 81*h. Calculate w(5).
16
Let y(o) = o**3 + 4*o**2 - 2*o - 6. Suppose 0*a = 5*a + 4*s + 28, 0 = a + s + 6. Give y(a).
2
Let m(p) = -19*p**3 - p**2 + 35*p + 15. Let v(c) = -7*c**3 - c**2 + 12*c + 5. Let y(q) = -4*m(q) + 11*v(q). What is y(-6)?
7
Let b(x) = x**2 - 11*x + 19. Let o be b(8). Let z(a) = 2*a + 2. Let t be z(4). Let v(q) = 0 + 4*q + q - 4*q + t. What is v(o)?
5
Let s(f) = 14*f + 144. Let h(o) = -3*o - 37. Let r(c) = 9*h(c) + 2*s(c). Calculate r(21).
-24
Let k(a) = -1 - 39*a**2 - 33*a**2 + 142*a**2 - 39*a**2 - 37*a**2. Give k(-1).
-7
Let c(l) = 28*l + 143. Let t be c(-5). Let k(j) = -j**3 + 2*j**2 + 3*j + 6. What is k(t)?
6
Suppose -k + 4*k - 2*f - 10 = 0, 3*k = f + 5. Let a = k + 1. Let r(d) = 9*d**3 + 0 + 4*d + 2*d**2 - 2*d + a. Calculate r(-1).
-8
Let y be ((-125)/20 + 6)*16/2. Let h(m) = -18*m - 2. Calculate h(y).
34
Suppose 0 = -5*q + 2*k - 15, -2*k = -3*q + k - 18. Let r(b) be the second derivative of 2*b**3 - b + 7. Calculate r(q).
-12
Let b be 170/(-20) + 1/2. Let y be 3/1 + b + 7. Let v(w) = -30*w - 2*w**2 + 14*w + 15*w. What is v(y)?
-10
Let p be ((-3 + 1)*-1)/(2/3). Let a(t) = 5*t - t - 170 + 172 - p*t. Suppose 4*y + 8 = 2*u, -5*y - 20 - 11 = u. Give a(u).
-4
Let z(g) be the second derivative of 1/10*g**5 - 1/4*g**4 + 0 + 1/2*g**3 - 1/120*g**6 + 9*g - 5/2*g**2. Let t(w) be the first derivative of z(w). What is t(5)?
-2
Let b(u) = 6*u**2 - 11*u - 11. Let q(a) = -5*a**2 + 10*a + 10. Let k(g) = -6*b(g) - 7*q(g). Suppose -3*z + 3*f = -6*z - 9, 4*z = -3*f - 12. Determine k(z).
-1
Let j(f) be the third derivative of 1/24*f**4 - f**3 + 0*f + 0 - 6*f**2. Suppose 2*z + 73 = 85. Give j(z).
0
Let j be 1/(((-1)/9)/((-5)/15)). Suppose -3*x + 7 = 1. Let s(p) = -x*p**2 + 2*p**2 + 4 + p**2 + 3*p - 4*p. Determine s(j).
10
Suppose -45 + 1 = -4*y. Let x(s) = -9*s + 20. Let t(v) = 2*v - 4. Let i(w) = y*t(w) + 2*x(w). Suppose 11 + 1 = 3*o. Give i(o).
12
Let n(r) = r**2 + 4*r. Let g(u) = 5*u**2 - 10*u + 1. Let v(a) = g(a) + 2*n(a). Let i = -4 - -5. Determine v(i).
6
Let t(z) = -15*z**2 - 7*z + 4. Let c(u) = -37*u**2 - 13*u + 8. Let j(o) = -2*c(o) + 5*t(o). Give j(-7).
18
Let z(d) = -d**3 + d**2 - d + 6. Let n be z(0). Let l = n + -3. Let y(j) = 10*j + j**l - 10*j. What is y(0)?
0
Let n(t) = 1 - 7 + 6*t - 3 - 5*t. Let d be n(7). Let f be ((-2)/d + -1)/(-2). Let x(h) = h - 1. Calculate x(f).
-1
Suppose 3*p = -3*a + 42, -a - 62 = -6*a + 3*p. Let g = 15 - a. Suppose -g*u - u = -15. Let f(d) = -3*d + 6. What is f(u)?
-9
Let r(p) = -p**3 + p**2 - 2. Let y(m) = -2*m**3 + 7*m**2 + 7*m - 2. Let w(o) = 3*r(o) - y(o). Give w(-4).
24
Let q = 26 - 2. Let v = q + -31. Let w(c) = c**2 + 4*c. Calculate w(v).
21
Let v(o) = 24 + 28 + o**3 - 14*o**2 + 22 - 84 - 14*o. Determine v(15).
5
Let x(g) = g**2 - 5*g + 7. Let h be x(5). Let m(k) be the second derivative of -k**4/12 + k**3 + 2*k**2 + 460*k + 1. What is m(h)?
-3
Suppose 3*n - n = 2. Let i be (-1)/(-2)*(-1 + 3). Suppose i + n = u. Let k(w) = -w**2 + 3*w - 2. Give k(u).
0
Let m(x) = -x**3 + 11*x**2 - 9*x - 7. Let z be m(10). Suppose -14*g = -13*g - z. Let o(c) = 0 + c + 4 - 4*c. Give o(g).
-5
Let t(n) = -2*n**2 + 5*n + 1. Let d(u) = u**2 - 4*u - 2. Let x(s) = 7*d(s) + 6*t(s). Let r(c) = c**2 + c + 1. Let w(f) = 4*r(f) + x(f). Calculate w(6).
-4
Let 